(m) = -m**3 + 10*m**2 + 23*m + 15. Let x be l(12). Suppose -v + x*v - 18 = 0. Suppose -v = -j + 61. List the prime factors of j.
2, 5, 7
Let a = -7046 + 13670. What are the prime factors of a?
2, 3, 23
Suppose 5*r - 13 + 3 = 0. Suppose 36 = -4*a + 3*i + 44, -a - i = -2. Suppose 432 - 148 = r*t - 2*s, s = -a*t + 290. What are the prime factors of t?
2, 3
Let h = 50988 + -10102. List the prime factors of h.
2, 20443
Suppose -2*c = -2*q - 5306, -c - 6*q + 2641 = -4*q. List the prime factors of c.
3, 883
Let y(j) = 115*j - 353. List the prime factors of y(40).
31, 137
What are the prime factors of (315/(-10))/((-24)/4768)?
2, 3, 7, 149
Let c = 37 - 33. Suppose y = c*y - 4*z - 78, 2*z = 6. Suppose 0 = 4*j - 582 + y. List the prime factors of j.
2, 3, 23
Let r(g) = 4*g + 4*g**2 + 3 + 6*g + 22*g**2 + 28*g**2. What are the prime factors of r(-4)?
827
Suppose -55*c + 2213640 = 31*c. List the prime factors of c.
2, 3, 5, 11, 13
Suppose -40 = 28*y - 12. Suppose u - 10 = -4*u. List the prime factors of ((-296)/(-2))/u - y.
3, 5
Suppose 853*d - 823*d = 516420. What are the prime factors of d?
2, 3, 19, 151
Let b be ((-3)/(-6))/((-1)/(-4)). Let f = b - -4. List the prime factors of 3/f*(81 - -1).
41
Let m = 164 - 160. Suppose 4*v + i = -m*i + 1168, -3*v = -2*i - 899. List the prime factors of v.
3, 11
Suppose 0 = -2*h - 5*u + 284, -30*u + 26*u = -2*h + 266. List the prime factors of h.
137
What are the prime factors of (-17179)/(-3)*(-120)/(-40)?
41, 419
Let l = 8837 - 3326. What are the prime factors of l?
3, 11, 167
What are the prime factors of 34/((14/283)/14)?
2, 17, 283
Suppose -731*l + 729*l + 6 = 0. Suppose 634 = z - w, -2*z + 5*z + l*w = 1872. List the prime factors of z.
17, 37
Suppose -2*h = -3*t + 3416, 2*t - 2273 = -8*h + 5*h. Suppose -3237 - t = -7*g. List the prime factors of g.
5
Suppose -5*o + 31675 = q, 63236 = 2*q - 6*o - 3*o. What are the prime factors of q?
5, 6329
Let o(s) = 563*s + 689. List the prime factors of o(17).
2, 3, 5, 19
Let o = 62280 - 36672. List the prime factors of o.
2, 3, 11, 97
Let j(y) = 509*y**2 - 65*y - 192. List the prime factors of j(-3).
2, 3, 191
Suppose -11*b + 11*b = 17*b - 348160. List the prime factors of b.
2, 5
Let y(d) = -1158*d**3 + 3*d**2 + 34*d + 70. What are the prime factors of y(-3)?
43, 727
Suppose 7*q = -5*q - 17*q. Let i be 2/((-6)/(-9)) - -1. Suppose q = -5*a - i*d + 802, -a + 6*a - 5*d = 775. What are the prime factors of a?
2, 79
Let r(p) = 5 + p + 23 + 2*p + 3*p. What are the prime factors of r(14)?
2, 7
Let t be (-2 - -2) + -54 + 1. Let k = -258 - -329. Let q = t + k. List the prime factors of q.
2, 3
Let w be (32/24)/((-2)/(-369)). Suppose -x = -160 - w. List the prime factors of x.
2, 7, 29
What are the prime factors of 12/((495/27533)/15)?
2, 2503
Suppose -4*s + 92 = 76. Suppose -4*k = j - 1148 + 245, -687 = -3*k - s*j. What are the prime factors of k?
3, 5
Let j = 16451 - 9557. What are the prime factors of j?
2, 3, 383
Suppose -3*r - 46 = -73. Let s(u) = u**2 - 10*u + 19. Let o be s(r). What are the prime factors of 1102/o + (-60)/(-75)?
3, 37
Let z(x) = x**3 - 16*x**2 + 14*x + 25. Let k = -12 + 10. Let b(o) = 5*o**3 - 81*o**2 + 71*o + 124. Let m(p) = k*b(p) + 11*z(p). List the prime factors of m(13).
2, 7
Suppose 7*z - 4023 = 61273. List the prime factors of z.
2, 11, 53
Suppose -19*j - 959 = -71 + 385. Let x be (-39)/(-2) - (-1)/2. Let c = x - j. List the prime factors of c.
3, 29
Let b(g) = 13*g**2 + 13*g - 64. Let r be b(13). Suppose 4*x + 2*f = 8*x - 2300, 4*x - r = f. What are the prime factors of x?
2, 3
Let r = 22 - 19. Suppose -7*w = -r*w - 700. Suppose -m + w = 4*f + 4*m, -4*m + 230 = 5*f. What are the prime factors of f?
2, 5
Let c = -62002 - -88095. List the prime factors of c.
97, 269
Let z(v) = 2*v + 5 + v**2 + 0 - 4*v - 2. Let l be z(-6). Suppose a + l - 147 = 0. List the prime factors of a.
2, 3
Let a(o) = -7*o - 9. Let q(z) = z - 22. Let l be q(16). Let t be a(l). Suppose -t = -k - 2*k. What are the prime factors of k?
11
Let k(z) = 2*z**2 + 8*z + 9. Let h be k(-4). What are the prime factors of (1194/h)/(3/9)?
2, 199
Let k = 24109 + -22840. What are the prime factors of k?
3, 47
Suppose 5*b + 2*p + 3321 = 0, 24 - 20 = 2*p. Let c = 987 + b. What are the prime factors of c?
2, 7, 23
Let s(y) be the second derivative of -2*y**3 + 103*y**2/2 - 80*y - 2. What are the prime factors of s(-23)?
379
List the prime factors of (10/2 - (-12 + 840/36))*-60.
2, 5, 19
Let b = 2040 + -1611. What are the prime factors of b?
3, 11, 13
Let l = -20585 + 35115. What are the prime factors of l?
2, 5, 1453
Suppose -6*d + 59317 = -4*d + 12725. List the prime factors of d.
2, 7, 13
Suppose 4*n = -10*m + 11*m - 47005, -5*n + 4*m - 58770 = 0. What are the prime factors of (-68)/238 + n/(-14)?
839
Let r(h) be the first derivative of h**4/12 + 7*h**3/6 - 31*h**2/2 - 25*h - 18. Let b(z) be the first derivative of r(z). What are the prime factors of b(-13)?
47
Suppose -n - 24*m + 4552 = -27*m, 4*m - 9144 = -2*n. What are the prime factors of n?
2, 7, 163
Let i = 4521 - 2904. Suppose 2*n + n - 5*r - 1204 = 0, 4*n + 5*r - i = 0. List the prime factors of n.
13, 31
Let r = 117 + -201. Let k = 12 - r. List the prime factors of k.
2, 3
Suppose 108*b - 30*b - 187459 - 493871 = 0. What are the prime factors of b?
5, 1747
Let m be 39/(-91) + 24/7. Suppose 168 = -3*k + 5*o, -4*k - o - 238 = -m*o. Let f = 169 + k. List the prime factors of f.
2, 3
Suppose 22*v = 148567 - 31131. What are the prime factors of v?
2, 17, 157
Suppose -63*w = 9*w - 237600. List the prime factors of w.
2, 3, 5, 11
Let w be 13/(104/24) - (-221)/1. Suppose -3056 = w*q - 228*q. List the prime factors of q.
2, 191
Suppose 5*v = -3*k + 97, 20 = 2*k + 5*v - 38. Suppose -2*z + k = -61. Let x = z - 8. What are the prime factors of x?
2, 3, 7
Suppose -7 = 4*k + 13. Let z(m) = -184*m - 62. List the prime factors of z(k).
2, 3, 11, 13
Suppose -3*h = -2*k - 10, -h = h - k - 7. Suppose -7*p + 9*p = h. Suppose -4*a = 5*y - 774 + 253, 0 = a - p*y - 127. List the prime factors of a.
3, 43
Let f be (-8 + 9/1)/(1/19). Suppose 26*r - 2814 = f*r. List the prime factors of r.
2, 3, 67
Let h = 31914 + -18923. What are the prime factors of h?
11, 1181
Suppose 1 = -g + 19. Let a be (4 - -1 - (-3 + 9))/(-1). List the prime factors of a + (-12)/g + 562/6.
2, 47
Let n = -1 - -6. Let z be 1/(-3)*21 + 42. Suppose 80 = n*w - z. What are the prime factors of w?
23
Suppose -4*o - 92 = 4*x, 0*x + 2*o + 124 = -5*x. List the prime factors of (-10768)/x - 70/455.
2, 3, 23
Let i(w) = 2906*w**3 - 4*w**2 + 5*w - 1. What are the prime factors of i(1)?
2, 1453
Let r be -1 + 4/((-8)/(-1598))*1. Suppose 0 = 8*o - 10*o + 4*u + r, 0 = u + 4. List the prime factors of o.
17, 23
Suppose -4*k + 505 = -727. Let u = k + -204. List the prime factors of -1 + (-4)/(-4)*u.
103
Let l = -665 + 8127. List the prime factors of l.
2, 7, 13, 41
Let t = 88644 - 54483. What are the prime factors of t?
3, 59, 193
Let q = -27579 + 58003. What are the prime factors of q?
2, 3803
Let b = -92 + 78. List the prime factors of 1*b*91/(-14).
7, 13
What are the prime factors of 2/(-1)*(360/20 - 17213)?
2, 5, 19, 181
Let a be 1 + (1 - (-99)/1). Let l(d) = 19*d - 148. Let q be l(6). Let x = q + a. What are the prime factors of x?
67
Let v(g) = -g**2 - 7*g + 11. Let z be v(-8). Suppose 0 = -5*j + 6*j - z. List the prime factors of 140/(j - -2) - -4.
2
Suppose 0 = -319*o + 318*o - 3*w + 34516, 5*o + 3*w = 172556. List the prime factors of o.
2, 5, 7, 17, 29
Let d(u) = -u**2 - 12*u - 8. Let m be (-4)/(-10) + 669/45*3. Suppose -3*i + m = -8*i. List the prime factors of d(i).
19
Let x be ((-6)/15)/(9/(-45)). List the prime factors of x - 128/72 - 15514/(-9).
2, 431
List the prime factors of (-23 + 25)*(5 + -3 + 1397).
2, 1399
Let j(u) = 6*u**2 + 19*u - 12. Let p be j(-6). Let q be p/(-60) + (-69)/(-2). Suppose -q*m - 276 = -37*m. List the prime factors of m.
3, 23
Let l = 48 + -29. Let m = l + -4. What are the prime factors of m/5 + -5 + 198?
2, 7
Suppose 2*n + 5*i = 896, -5*i + 3*i - 430 = -n. Suppose 11*h = 14*h - n. List the prime factors of h.
2, 73
Suppose -3*d + t = -206, 271 = 4*d - t - 4*t. Suppose -p = -0*p - d. What are the prime factors of p?
3, 23
List the prime factors of (-13)/13*(-2)/(-5)*